-10 - -13))?
4
What is 8 - (13 - -3 - (-3 + 8))?
-3
What is -17 - (11 + (7 - 6) + -29)?
0
What is the value of 3 + (6 + -1 + -3 - -5) + -26?
-16
Calculate -5 + (5 - 0) + -3 + 0 - 4.
-7
Calculate 9 + -29 + (-7 - -8).
-19
What is -6 + -13 + (10 - 2)?
-11
32 + -37 + (0 - 0) - 9
-14
Evaluate -11 + 3 + -10 + 8.
-10
Evaluate 37 + -32 - (1 - (-1 - -1)) - 3.
1
What is the value of (7 - (4 + -3) - 1) + 2 + 11?
18
What is -7 - ((11 - 21) + 8)?
-5
Evaluate -5 + 1 - (-14 - -3) - -15 - 4.
18
What is the value of (-1 - -2) + -7 + -98 + 98?
-6
Evaluate 47 - 28 - 33 - -25.
11
Calculate -1 - (2 - (4 + -6)).
-5
-20 + 15 + -28 + 32
-1
What is -8 + 18 - 17 - -4?
-3
Evaluate 1870 - 1870 - (-1 + -1 + 2 + -3).
3
What is the value of -23 - (-2 + 15) - -13?
-23
Evaluate 12 - (-6 + 1 - (-1 + -3)).
13
1 + (-4 - -11) + -1 + 5
12
-4 + (1 - -11) + (-13 - 12)
-17
Evaluate 3 + -15 + -10 - -12.
-10
What is 3 + -10 - -5 - (-1 + 3)?
-4
Evaluate 31 + -40 + (-6 - -6 - -10).
1
What is (-10 - -6) + 15 + (5 - 17)?
-1
What is the value of -26 - -13 - (-4 + -3)?
-6
-3 - (2 + -8 - 4)
7
What is -5 + 6 - (-23 + 2 + 0 + 1)?
21
Evaluate 9 + -1 + -199 + 188 + (-1 - -19).
15
What is the value of 42 + -27 + (4 - 23)?
-4
What is the value of -3 + -11 - (18 + -43) - -6?
17
What is the value of 22 + (212 - 207) + (1 - 13)?
15
What is the value of (10 - -8) + -15 + 2 + 10?
15
Evaluate -28 + 28 + -14 + 26.
12
-1 - (10 + (-16 + 7 - -2))
-4
-3 - (-4 + 3) - (5 - (2 - 3))
-8
What is (0 - (-11 + 1) - (346 - 328)) + -21?
-29
What is 5 - ((0 - 0) + 10 - 9)?
4
1 + (-3 - -7) - (-3 - -1 - 2)
9
Calculate 13 + (-12 - (-11 - -5)) - 9.
-2
What is the value of -38 - (24 - (46 + -6))?
-22
What is 23 + -39 + 23 - (0 + -1)?
8
What is 2 - -24 - 4 - 7?
15
Calculate 6 - 12 - (-4 + -5).
3
What is the value of -2 + (-11 - -9 - (-17 + 42))?
-29
Calculate 5 + (-1 + (4 - 5) - -4) + 5.
12
What is -11 + (-1 + 6 - 3) + (18 - 5)?
4
41 + (-12 - -1) + (-10 - -1)
21
What is (-17 - 16 - -17) + (-1 - (2 + -1))?
-18
What is -52 + 35 + (4 - -16)?
3
What is (-3 - -5) + 9 - (-22 + 8)?
25
What is the value of -10 - 9 - 9 - -15?
-13
-8 + 7 + 1 - (0 + -11)
11
What is 1 - (6 + 27) - (82 + -80)?
-34
Calculate -8 + -26 + 31 - -3.
0
What is the value of (-4 - -14) + -79 + 56?
-13
Evaluate -30 + 15 + 1 + 4.
-10
Calculate -33 + -1 + (165 - 154).
-23
(-11 - 9) + 1 + 0 + (1 - -5)
-13
What is the value of -11 + (7 - (8 + -3) - -4) - 11?
-16
Calculate (-13 - -9) + 6 - 0.
2
What is the value of (84 - 80) + -14 + (-1 - 0)?
-11
What is the value of 20 - (-21 + 32) - 15?
-6
Calculate -26 + (17 - 1) - -21.
11
1 + -2 + -3 - (-12 - -14) - -13
7
Calculate -5 + (1 - -16) + 69 + -67.
14
Evaluate -1 + -6 - (-10 + -3 + 5) - -3.
4
Evaluate (2 - -9) + -38 + (-16 - (4 - 10)).
-37
Evaluate 7 + (-10 - 0 - ((28 - 6) + -17)).
-8
Calculate -10 - (3 - (1 + 11 + 5 + -8)).
-4
What is -9 - (28 + (-2 - (-2 - (11 - 16))))?
-32
Calculate -2 + (1 + -3 - -9) + -5 - 2.
-2
Calculate 11 - -20 - (-15 - -41).
5
What is 140 - 120 - (3 + 5)?
12
Evaluate 9 - 7 - (0 + 1) - (-36 + 32).
5
-1 - 6 - (-215 + 212)
-4
Calculate -20 - (15 + -23) - -10.
-2
23 - ((11 - (11 - -3)) + 12)
14
-20 + 8 + 11 - (1 + (2 - -4))
-8
What is the value of (-3 - (-1 - 10)) + -15 + -2?
-9
Evaluate 8 + -1 + 2 - (-11 + 19).
1
Evaluate -1 - 8 - -8 - -10 - (2 + -9).
16
Evaluate 0 + 4 - (1 + 19 + 2).
-18
What is the value of (-879 - -875) + (8 - (-4 - -2))?
6
What is the value of 10 + (5 + -4 + -4 - (3 + -9))?
13
9 + (4 - (15 - 4)) + (8 - -5)
15
Calculate (29 - 46) + (7 - -1).
-9
What is the value of 1 - -3 - (18 - (48 - 24))?
10
Evaluate 2 + 4 + (2 - 16 - (27 + -30)).
-5
Evaluate 4 + (5 - -1) + 24 + -53.
-19
Evaluate -2 + 47 + (-203 - -191) + -14.
19
Calculate 7 + 33 + -48 + 15.
7
Evaluate 17 + -7 + -32 + -1 + 2.
-21
Calculate -7 - (5 - (-3 + 8 - -13)).
6
Evaluate -6 + (2 + -3 - 0) + -1.
-8
What is the value of -27 + (-6 - -27) + 15?
9
What is 18 + (-7 - (1 - (-5 - -4)))?
9
6 - ((-4 - (-10 + 7)) + -14) - 5
16
What is -38 - 0 - (816 + -834)?
-20
What is the value of (12 - 6 - -8) + -20 + -15?
-21
What is the value of (-3 - 0) + -9 + -35 + 30?
-17
What is the value of -11 + 1 + -1 + (36 + 30 - 70)?
-15
Calculate (-10 - -19) + -21 + 11.
-1
Calculate (1 - 0) + (15 - 17 - -21 - 17).
3
(-1 - (-4 + (-6 - (-9 - -1)))) + 8
9
Evaluate 13 - (-4 - 3) - 16.
4
(-7 + -14 - -26) + -7
-2
What is the value of (14 - 20) + (22 - (2 + 3))?
11
Calculate (17 - -1 - 3 - 6) + (-20 - -11).
0
Calculate (2 - -6) + (0 - 1) - (0 - 6).
13
Evaluate 24 + 1 + -2 - (-4 + -18 + 29).
16
Calculate 6 + -16 - -4 - ((11 - 38) + 12).
9
1 - 16 - -15 - (-1 + 4)
-3
(-9 - -11 - 15) + 11
-2
-64 - (-49 - (-41 - -28))
-28
Evaluate 20 + -20 - -26 - (8 + -2).
20
Calculate (-16 + 8 - -15) + -14 + -6.
-13
What is the value of -7 - (-1 - -2) - (510 + -531)?
13
What is the value of 11 - (25 + -24 + -8 + 1 + -5)?
22
Evaluate 21 + (-1 - -5) + (7 - 21).
11
What is the value of -7 - (10 + -9 + -12)?
4
Evaluate -2 + (-8 + -5 - -21).
6
-4 + 19 + (-23 - -19) + -10
1
Calculate (34 - 2) + (-16 - (-6 - 0)).
22
What is 0 + (-4 - (9 - ((5 - -2) + -1)))?
-7
Calculate 12 + 8 - (-3 + -2 - -7).
18
Evaluate -6 + 2 + 2 - -10.
8
Evaluate -8 + (-1 - (4 + 2)) + 19.
4
What is the value of -2 + -2 + -11 + -9 + 28?
4
What is 0 - (-2 - (2 + 1 + 3 + -1))?
7
Evaluate (26 - 23) + -7 + (0 - -2) + -10.
-12
6 + (23 - -3 - 47)
-15
-3 + -16 - 4 - -4
-19
What is the value of 14 + -2 + (77 - 105)?
-16
What is the value of 7 - -6 - (14 + 1 - -2)?
-4
What is the value of -6 + -14 + (-11 - -13)?
-18
-17 - -2 - (-222 + 205)
2
What is (0 - ((12 - 20) + 4)) + (-2 - -1)?
3
What is -13 - (31 + -13 + -40)?
9
27 + -39 + 3 + 12
3
What is the value of 45 - (-17 + 51 + -10)?
21
What is (-4 - -1) + (2 - -12 - 13)?
-2
Calculate (-33 - (3 + -19)) + 8.
-9
What is the value of (-1 + 10 - (4 - -3)) + 7?
9
What is 247 + -225 + -40 + -1?
-19
Calculate (45 - (40 - 22)) + -18.
9
Calculate -27 + (-8 - -10 - -32).
7
What is -28 + 35 - (-2 + 15)?
-6
Evaluate -201 + 182 - (4 - 2).
-21
What is 21 + 2 - (80 + -75)?
18
What is (38 + -40 - (0 + 0)) + -6?
-8
Calculate -33 + 0 + 36 + -25 + 1.
-21
150 + -148 - (0 - (0 - 1) - 0)
1
Calculate 8 + -13 + 10 - (-5 + 6 - 0).
4
Calculate 5 - (13 + (-3 - 15 - -10)).
0
Evaluate 1 - 6 - (-5 + -2) - -13 - -1.
16
What is the value of 23 - (-1 - -24) - -17?
17
Evaluate (23 - 18) + 4 + -3.
6
-8 - (-12 - (12 + -7 + -6))
3
What is 85 + -84 - (-5 + -5 + (-1 - -4))?
8
Calculate 0 + (0 + 2 - (22 - 1 - 11)).
-8
What is -4 + 20 + -17 + -12 - -7?
-6
What is the value of -4 + -12 + 28 - 5?
7
What is the value of -9 - ((0 - (-8 + 16)) + 14)?
-15
What is 2 + (-14 - -12) + 11 - -11?
22
What is the value of 16 + (11 - 15) + -22?
-10
What is (-34 - -13) + 20 + (12 - 1)?
10
Calculate 10 + -21 + -2 + (-9 - -14) + -8.
-16
Evaluate -1 + -3 + (15 - (-8 + (25 - 11))).
5
(-14 + 6 - -4 - -7 - 12) + 32
23
What is the value of (-8 - (-4 + 5)) + 18 + -3 + 9?
15
-4 + -9 + (-1 - -2 - -13)
1
Calculate 24 + (-7 - -4) + 2 + -6 + 2.
19
What is the value of -21 + (30 + -58 - -17)?
-32
What is 26 + -11 + -4 - (-6 + 35 - 1)?
-17
Calculate (-4 - (-15 + 7) - 7) + 8 + 6.
11
Evaluate -12 - (43 - (44 - 18)).
-29
What is -17 + 1 + 2 - (3 - (9 + -8))?
-16
What is the value of 36 - (-12 + 60) - (-1 + 3 + 1)?
-15
Evaluate (3 + (-13 - -7) - -3) + 12 + -1.
11
Evaluate -11 - -18 - 15 - -17 - 24.
-15
What is 61 + -68 + (9 - 1) - 6?
-5
1121 - 1101 - (22 - -1)
-3
What is the value of 0 + -3 + -3 - -3 - (-1 - -9)?
-11
Calculate -32 + (11 - -1) + 11.
-9
What is (5 - -1) + -29 + 31 - 8?
0
What is the value of -26 + 34 + -2 + 1?
7
Evaluate 25 - (-21 - (8 - 49)).
5
What is (18 - 3) + (11 - 12)?
14
Calculate 10 + -22 + 8 + -10.
-14
What is 1 + -20 - (-304 + 284)?
1
Calculate (10 - 16 - -9) + 3 - -1.
7
(-1 - 3) + 56 + -46 + 3 + -17
-8
Evaluate (0 + 3 - 18) + 28.
13
Calculate (163 - 152) + (-2 - (-4 - 1)) + -2.
12
Calculate -1 + 4 + -10 + (-52 - -50) + 0.
-9
What is the value of 5 + -6 + 3 + 3 + -2 + 8?
11
What is the value of 7 + -8 + 8 + -3 - -6?
10
What is the value of -30 + 39 - (-4 + 1 + 9)?
3
1 + 3 + (-5 - 0) - -9
8
What is the value of -11 - ((0 - 15 - -8) + 9)?
-13
(23 - (10 + 4)) + -15
-6
1 + -13 + -16 + (-6 - -19)
-15
Evaluate -15 - ((-24 - -14) + 13 + -21).
3
Evaluate 20 + (-19 - (39 + (17 - 32))).
-23
Calculate -7 + 0 + 20 + -40 + 17.
-10
W